base 8, what is -4 + -125?
-131
In base 9, what is 183 + -54?
128
In base 2, what is 100100 + 111?
101011
In base 7, what is 1 + 12435?
12436
In base 6, what is 0 + -24?
-24
In base 3, what is 101011 + 1?
101012
In base 14, what is -1 - -a?
9
In base 11, what is -5 - -45?
40
In base 7, what is 12 + -22?
-10
In base 13, what is -16 - 1?
-17
In base 10, what is 148 + -5?
143
In base 10, what is 6267 + 0?
6267
In base 6, what is -2 + 51?
45
In base 5, what is 3223 - -3?
3231
In base 13, what is 3 - -b35?
b38
In base 11, what is 8612 - 5?
8608
In base 10, what is 550 + -4?
546
In base 9, what is 1024 - -2?
1026
In base 3, what is -111100200 + 10?
-111100120
In base 13, what is -21 + 8?
-16
In base 14, what is 509 - 4?
505
In base 15, what is -4 + 473?
46e
In base 14, what is 3 + 62b?
630
In base 11, what is -1 - -1a?
19
In base 11, what is -144 - -33?
-111
In base 3, what is -2 + -2210112?
-2210121
In base 4, what is -20 + -123?
-203
In base 16, what is -58 + -1?
-59
In base 3, what is -12 + 21?
2
In base 13, what is -1 - -2b0?
2ac
In base 16, what is 74 - -8?
7c
In base 4, what is -21013 - 11?
-21030
In base 16, what is -8 - -755?
74d
In base 14, what is -114 - 2?
-116
In base 13, what is -1b - -23?
5
In base 10, what is -22 + -11?
-33
In base 4, what is -1221 + 11?
-1210
In base 4, what is -11131131 + -1?
-11131132
In base 14, what is -37 + 5?
-32
In base 3, what is 2002 + -11?
1221
In base 11, what is 3 - -1406?
1409
In base 16, what is 79 - 4?
75
In base 2, what is 1110 + 1011101001?
1011110111
In base 11, what is -99 + 5?
-94
In base 13, what is 1b7 - -4?
1bb
In base 12, what is 82 + 4?
86
In base 16, what is -2 - 9d?
-9f
In base 16, what is -84 - 1?
-85
In base 10, what is 4 + -47?
-43
In base 4, what is 2 - 310330?
-310322
In base 5, what is -331 - 14?
-400
In base 8, what is -276 + -240?
-536
In base 6, what is -2 + -41?
-43
In base 16, what is 29 + 5?
2e
In base 15, what is -5 + -90?
-95
In base 9, what is -183 - 4?
-187
In base 7, what is -11015 - 4?
-11022
In base 9, what is -5 + 1024?
1018
In base 4, what is -11300221 - -3?
-11300212
In base 13, what is 73 - -b?
81
In base 5, what is -200 + -10?
-210
In base 6, what is -14115 - 4?
-14123
In base 4, what is 12 - -3320?
3332
In base 4, what is 11 + -2111?
-2100
In base 15, what is 139 - -3?
13c
In base 11, what is 438 + -5?
433
In base 4, what is -3 + 210?
201
In base 10, what is 219 + 0?
219
In base 15, what is -5 + 96c?
967
In base 14, what is 2 + 78?
7a
In base 14, what is 25 - 5?
20
In base 5, what is -220 + -10?
-230
In base 9, what is -1 - 167?
-168
In base 6, what is -115 - 0?
-115
In base 12, what is -19 - 1b?
-38
In base 9, what is -7 - 761?
-768
In base 3, what is 11 + 10002?
10020
In base 7, what is 0 - -12536?
12536
In base 9, what is 4 - 302?
-287
In base 8, what is 1 + -634?
-633
In base 12, what is 2 + -13b8?
-13b6
In base 15, what is 4 - 6c?
-68
In base 4, what is 10 + 120?
130
In base 9, what is 1662 + 0?
1662
In base 8, what is 474 - -3?
477
In base 13, what is 4 + -4a?
-46
In base 15, what is -1b + -62?
-7d
In base 3, what is -2121 - 200?
-10021
In base 3, what is 2221 + 20?
10011
In base 4, what is 10 - 133?
-123
In base 15, what is -21 + 1?
-20
In base 5, what is 1121 - -20?
1141
In base 11, what is 4 + -3?
1
In base 14, what is 21 + b?
2c
In base 4, what is -12 + -110?
-122
In base 2, what is -101 + -10001111010?
-10001111111
In base 14, what is 1b + -43?
-26
In base 7, what is -646 + 1?
-645
In base 6, what is -52311 + 2?
-52305
In base 15, what is -4 + 75?
71
In base 8, what is 152 - 5?
145
In base 5, what is -220 - -4?
-211
In base 14, what is 60c + -6?
606
In base 14, what is -1ba + 3a?
-180
In base 9, what is -1378 - 13?
-1402
In base 15, what is -606 + -3?
-609
In base 3, what is 0 + -2210?
-2210
In base 3, what is -121 - 20?
-211
In base 5, what is 1 - 42?
-41
In base 10, what is 1208 - -3?
1211
In base 4, what is 10201 - -1?
10202
In base 8, what is -3 + -205?
-210
In base 15, what is a - -e5d?
e68
In base 4, what is 13 - 32?
-13
In base 3, what is -22011 - 1000?
-100011
In base 16, what is 3 - 67?
-64
In base 6, what is -2 + 50554?
50552
In base 3, what is 2 - -10220?
10222
In base 7, what is -5 + -1400?
-1405
In base 12, what is 3 + -32?
-2b
In base 12, what is 4 + -169?
-165
In base 10, what is 2 - 271?
-269
In base 11, what is -10 + 1000?
aa0
In base 15, what is -2a - 43?
-6d
In base 9, what is 21 - -46?
67
In base 15, what is 1 - 9cb?
-9ca
In base 2, what is 0 - 1000001?
-1000001
In base 5, what is -21 + -422?
-443
In base 6, what is -1 - -230?
225
In base 8, what is 0 - 31?
-31
In base 2, what is 11 + 110010011?
110010110
In base 8, what is 3226 + 4?
3232
In base 3, what is 2222021 - -2?
2222100
In base 6, what is -33 + -211?
-244
In base 4, what is -1 + 103?
102
In base 12, what is -9a - 42?
-120
In base 15, what is -3 - 29?
-2c
In base 11, what is -31 - 1?
-32
In base 7, what is 1154 - -5?
1162
In base 3, what is 1002 - -201?
1210
In base 7, what is -1 - -120?
116
In base 5, what is 11413 + -3?
11410
In base 16, what is -1 - 80c?
-80d
In base 2, what is 11011010101 + 11?
11011011000
In base 11, what is -5 - 54?
-59
In base 16, what is 112 - -1?
113
In base 16, what is 2d + -3?
2a
In base 12, what is 34 + -43?
-b
In base 6, what is 25201 + -5?
25152
In base 9, what is 4 - -475?
480
In base 12, what is -29 + 5?
-24
In base 9, what is -461 - -10?
-451
In base 15, what is -1 - -8c9?
8c8
In base 16, what is -73 - 8f?
-102
In base 7, what is 422 + -112?
310
In base 14, what is 7 - -4a?
53
In base 7, what is 2602 + 4?
2606
In base 14, what is 288 - -8?
292
In base 2, what is 1000 + -110011011?
-110010011
In base 15, what is -8 - 19?
-22
In base 14, what is 1 - -76?
77
In base 9, what is -4 + -172?
-176
In base 3, what is 1 - 102020?
-102012
In base 5, what is 3 - 2300?
-2242
In base 11, what is -1 + -772?
-773
In base 14, what is 0 + 45?
45
In base 13, what is -919 + -1?
-91a
In base 11, what is 5 - -20?
25
In base 15, what is 3 + -159?
-156
In base 16, what is -1b2 + -8?
-1ba
In base 2, what is 1000 - -10000010?
10001010
In base 14, what is -6 - 30?
-36
In base 7, what is -12 - -3546?
3534
In base 8, what is 121 - 41?
60
In base 4, what is 13 + 10?
23
In base 3, what is -2100 - -11020?
1220
In base 5, what is -143 + -11?
-204
In base 14, what is -2 + -1?
-3
In base 3, what is -11 + 2210010?
2202222
In base 2, what is -1 - 110?
-111
In base 10, what is 3 - -937?
940
In base 16, what is -a - -2a?
20
In base 7, what is -1330 + -4?
-1334
In base 2, what is -1110001 + 10000110?
10101
In base 14, what is -75 + 2?
-73
In base 15, what is 218 + 8?
221
In base 8, what is 2 + -4434?
-4432
In base 7, what is 4 + 4?
11
In base 3, what is 2 - 20112?
-20110
In base 4, what is -2 + 0?
-2
In base 14, what is -373 - -1c?
-355
In base 15, what is 0 - -85?
85
In base 10, what is -939 - -3?
-936
In base 13, what is bb - 0?
bb
In base 14, what is -6d + 1?
-6c
In base 12, what is -14 - 25?
-39
In base 4, what is 1 + 20313?
20320
In base 10, what is 36 + 499?
535
In base 2, what is 111001 - 11?
110110
In base 8, what is -270 + 2?
-266
In base 10, what is 5 - -82?
87
In base 15, what is 40 + 3?
43
In base 16, what is -4 + -42?
-46
In base 9, what is -4341 - 3?
-4344
In base 8, what is 22 + -27?
-5
In base 5, what is 1012311 + -1?
1012310
In base 9, what is -580 + -13?
-603
In base 13, what is -5 + 2ba?
2b5
In base 7, what is 210 - 2?
205
In base 10, what is -1 + 1826?
1825
In base 6, what is -12 - 1?
-13
In base 16, what is 598 - 4?
594
In base 13, what is -a0 - -5?
-98
In base 6, what is -13 - -145?
132
In base 4, what is -1 + 1011?
1010
In base 14, what is 1 - 4b1?
-4b0
In base 6, what is -30 - 10322?
-10352
In base 16, what is -19 + 5f?
46
In base 14, what is 0 + -40?
-40
In base 8, what is -21 + 40?
17
In base 2, what is 1010111 - 101?
1010010
In base 11, what is 2 - 215?
-213
In base 13, what is 88 - -1?
89
In base 3, what is 0 - 100?
-100
In base 15, what is -8 - -359?
351
In base 4, what is -10 + -231?
-301
In base 3, what is 11022 - -22?
11121
In base 15, what is 76 - -1?
77
In base 4, what is 10130312 - 2?
10130310
In base 13, what is bb - -5?
c3
In base 14, what is 414a + 2?
414c
In base 14, what is -75 + -1d?
-94
In base 3, what is -110 + 2?
-101
In base 10, what 